{"id":1222,"date":"2021-02-26T20:33:27","date_gmt":"2021-02-26T19:33:27","guid":{"rendered":"https:\/\/zumba.drax-online.de\/?page_id=1222"},"modified":"2024-09-02T11:10:08","modified_gmt":"2024-09-02T09:10:08","slug":"preise","status":"publish","type":"page","link":"https:\/\/zumba.drax-online.de\/?page_id=1222","title":{"rendered":"Preise"},"content":{"rendered":"<div data-colibri-id=\"1222-c1\" class=\"style-581 style-local-1222-c1 position-relative\">\n  <!---->\n  <div data-colibri-component=\"section\" data-colibri-id=\"1222-c2\" id=\"custom\" class=\"h-section h-section-global-spacing d-flex align-items-lg-center align-items-md-center align-items-center style-582 style-local-1222-c2 position-relative\">\n    <!---->\n    <!---->\n    <div class=\"h-section-grid-container h-section-boxed-container\">\n      <!---->\n      <div data-colibri-id=\"1222-c3\" class=\"h-row-container gutters-row-lg-2 gutters-row-md-2 gutters-row-0 gutters-row-v-lg-2 gutters-row-v-md-2 gutters-row-v-2 style-583 style-local-1222-c3 position-relative\">\n        <!---->\n        <div class=\"h-row justify-content-lg-center justify-content-md-center justify-content-center align-items-lg-stretch align-items-md-stretch align-items-stretch gutters-col-lg-2 gutters-col-md-2 gutters-col-0 gutters-col-v-lg-2 gutters-col-v-md-2 gutters-col-v-2\">\n          <!---->\n          <div class=\"h-column h-column-container d-flex h-col-lg-auto h-col-md-auto h-col-auto style-584-outer style-local-1222-c4-outer\">\n            <div data-colibri-id=\"1222-c4\" class=\"d-flex h-flex-basis h-column__inner h-px-lg-2 h-px-md-2 h-px-2 v-inner-lg-2 v-inner-md-2 v-inner-2 style-584 style-local-1222-c4 position-relative\">\n              <!---->\n              <!---->\n              <div class=\"w-100 h-y-container h-column__content h-column__v-align flex-basis-100 align-self-lg-start align-self-md-start align-self-start\">\n                <!---->\n                <div data-colibri-id=\"1222-c5\" class=\"h-global-transition-all h-heading style-656 style-local-1222-c5 position-relative h-element\">\n                  <!---->\n                  <div class=\"h-heading__outer style-656 style-local-1222-c5\">\n                    <!---->\n                    <!---->\n                    <h3 class=\"\">Live Kurse im B\u00fcrgerhaus Waldau<\/h3>\n                  <\/div>\n                <\/div>\n                <div data-colibri-id=\"1222-c6\" class=\"d-block style-660 style-local-1222-c6 position-relative h-element\">\n                  <!---->\n                  <div class=\"h-image__frame-container-outer\">\n                    <div class=\"h-image__frame-container\">\n                      <!---->\n                      <!---->\n                      <img loading=\"lazy\" width=\"1280\" height=\"1280\" src=\"https:\/\/zumba.drax-online.de\/wp-content\/uploads\/2023\/12\/post_1701368582711.jpg\" class=\"wp-image-2397 style-660-image style-local-1222-c6-image\" alt=\"\" \/>\n                      <div class=\"h-image__frame h-hide-lg h-hide-md h-hide-sm style-660-frameImage style-local-1222-c6-frameImage\"><\/div>\n                    <\/div>\n                  <\/div>\n                <\/div>\n                <div data-colibri-id=\"1222-c7\" class=\"d-block style-659 style-local-1222-c7 position-relative h-element\">\n                  <!---->\n                  <div class=\"h-image__frame-container-outer\">\n                    <div class=\"h-image__frame-container\">\n                      <!---->\n                      <!---->\n                      <img loading=\"lazy\" width=\"1280\" height=\"1280\" src=\"https:\/\/zumba.drax-online.de\/wp-content\/uploads\/2024\/09\/post_1725268112503.jpg\" class=\"wp-image-2540 style-659-image style-local-1222-c7-image\" alt=\"\" \/>\n                      <div class=\"h-image__frame h-hide-lg h-hide-md h-hide-sm style-659-frameImage style-local-1222-c7-frameImage\"><\/div>\n                    <\/div>\n                  <\/div>\n                <\/div>\n              <\/div>\n            <\/div>\n          <\/div>\n        <\/div>\n      <\/div>\n      <div data-colibri-id=\"1222-c8\" class=\"h-row-container gutters-row-lg-2 gutters-row-md-2 gutters-row-0 gutters-row-v-lg-2 gutters-row-v-md-2 gutters-row-v-2 style-674 style-local-1222-c8 position-relative\">\n        <!---->\n        <div class=\"h-row justify-content-lg-center justify-content-md-center justify-content-center align-items-lg-stretch align-items-md-stretch align-items-stretch gutters-col-lg-2 gutters-col-md-2 gutters-col-0 gutters-col-v-lg-2 gutters-col-v-md-2 gutters-col-v-2\">\n          <!---->\n          <div class=\"h-column h-column-container d-flex h-col-lg-auto h-col-md-auto h-col-auto style-675-outer style-local-1222-c9-outer\">\n            <div data-colibri-id=\"1222-c9\" class=\"d-flex h-flex-basis h-column__inner h-px-lg-2 h-px-md-2 h-px-2 v-inner-lg-2 v-inner-md-2 v-inner-2 style-675 style-local-1222-c9 position-relative\">\n              <!---->\n              <!---->\n              <div class=\"w-100 h-y-container h-column__content h-column__v-align flex-basis-100 align-self-lg-start align-self-md-start align-self-start\">\n                <!---->\n                <div data-colibri-id=\"1222-c10\" class=\"h-global-transition-all h-heading style-677 style-local-1222-c10 position-relative h-element\">\n                  <!---->\n                  <div class=\"h-heading__outer style-677 style-local-1222-c10\">\n                    <!---->\n                    <!---->\n                    <h1 class=\"\">Online Kurse Live \u00fcber Zoom und\/oder OnDemand<\/h1>\n                  <\/div>\n                <\/div>\n                <div data-colibri-id=\"1222-c11\" class=\"d-block style-678 style-local-1222-c11 position-relative h-element\">\n                  <!---->\n                  <div class=\"h-image__frame-container-outer\">\n                    <div class=\"h-image__frame-container\">\n                      <!---->\n                      <!---->\n                      <img loading=\"lazy\" width=\"1024\" height=\"1280\" src=\"https:\/\/zumba.drax-online.de\/wp-content\/uploads\/2023\/12\/post_1702569550777.jpg\" class=\"wp-image-2434 style-678-image style-local-1222-c11-image\" alt=\"\" \/>\n                      <div class=\"h-image__frame h-hide-lg h-hide-md h-hide-sm style-678-frameImage style-local-1222-c11-frameImage\"><\/div>\n                    <\/div>\n                  <\/div>\n                <\/div>\n                <div data-colibri-id=\"1222-c12\" class=\"d-block style-679 style-local-1222-c12 position-relative h-element\">\n                  <!---->\n                  <div class=\"h-image__frame-container-outer\">\n                    <div class=\"h-image__frame-container\">\n                      <!---->\n                      <!---->\n                      <img loading=\"lazy\" width=\"1280\" height=\"1280\" src=\"https:\/\/zumba.drax-online.de\/wp-content\/uploads\/2023\/12\/post_1702568839743.jpg\" class=\"wp-image-2433 style-679-image style-local-1222-c12-image\" alt=\"\" \/>\n                      <div class=\"h-image__frame h-hide-lg h-hide-md h-hide-sm style-679-frameImage style-local-1222-c12-frameImage\"><\/div>\n                    <\/div>\n                  <\/div>\n                <\/div>\n              <\/div>\n            <\/div>\n          <\/div>\n        <\/div>\n      <\/div>\n      <div data-colibri-id=\"1222-c13\" class=\"h-row-container gutters-row-lg-2 gutters-row-md-2 gutters-row-0 gutters-row-v-lg-2 gutters-row-v-md-2 gutters-row-v-2 style-632 style-local-1222-c13 position-relative\">\n        <!---->\n        <div class=\"h-row justify-content-lg-center justify-content-md-center justify-content-center align-items-lg-stretch align-items-md-stretch align-items-stretch gutters-col-lg-2 gutters-col-md-2 gutters-col-0 gutters-col-v-lg-2 gutters-col-v-md-2 gutters-col-v-2\">\n          <!---->\n          <div class=\"h-column h-column-container d-flex h-col-lg-auto h-col-md-auto h-col-auto style-633-outer style-local-1222-c14-outer\">\n            <div data-colibri-id=\"1222-c14\" class=\"d-flex h-flex-basis h-column__inner h-px-lg-2 h-px-md-2 h-px-2 v-inner-lg-2 v-inner-md-2 v-inner-2 style-633 style-local-1222-c14 position-relative\">\n              <!---->\n              <!---->\n              <div class=\"w-100 h-y-container h-column__content h-column__v-align flex-basis-100 align-self-lg-start align-self-md-start align-self-start\">\n                <!---->\n                <div data-colibri-id=\"1222-c15\" class=\"h-text h-text-component style-636 style-local-1222-c15 position-relative h-element\">\n                  <!---->\n                  <!---->\n                  <div class=\"\">\n                    <p><strong style=\"font-size: 21px; font-family: &quot;Open Sans&quot;; color: rgb(70, 112, 127);\"><u>TASTY-Special!<\/u><\/strong><\/p>\n                  <\/div>\n                <\/div>\n                <div data-colibri-id=\"1222-c16\" class=\"h-text h-text-component style-635 style-local-1222-c16 position-relative h-element\">\n                  <!---->\n                  <!---->\n                  <div class=\"\">\n                    <p><strong>&nbsp;Sei dabei und lass dich mitrei\u00dfen!<\/strong><\/p>\n                    <p>&nbsp;<\/p>\n                    <p>Gerne berate ich dich und helfe dir dabei den f\u00fcr dich und deine Ziele passenden Kurs\/passende Kurse zu finden. In diesen darfst du selbstverst\u00e4ndlich rein schnuppern.<\/p>\n                    <p>&nbsp;<\/p>\n                    <p>Dein erster Schnupperkurs ist nat\u00fcrlich f\u00fcr dich kostenlos!<\/p>\n                  <\/div>\n                <\/div>\n              <\/div>\n            <\/div>\n          <\/div>\n        <\/div>\n      <\/div>\n    <\/div>\n  <\/div>\n  <div data-colibri-component=\"section\" data-colibri-id=\"1222-c17\" id=\"custom-2\" class=\"h-section h-section-global-spacing d-flex align-items-lg-center align-items-md-center align-items-center style-640 style-local-1222-c17 position-relative\">\n    <!---->\n    <!---->\n    <div class=\"h-section-grid-container h-section-boxed-container\">\n      <!---->\n      <div data-colibri-id=\"1222-c18\" class=\"h-row-container gutters-row-lg-2 gutters-row-md-2 gutters-row-0 gutters-row-v-lg-2 gutters-row-v-md-2 gutters-row-v-2 style-641 style-local-1222-c18 position-relative\">\n        <!---->\n        <div class=\"h-row justify-content-lg-center justify-content-md-center justify-content-center align-items-lg-stretch align-items-md-stretch align-items-stretch gutters-col-lg-2 gutters-col-md-2 gutters-col-0 gutters-col-v-lg-2 gutters-col-v-md-2 gutters-col-v-2\">\n          <!---->\n          <div class=\"h-column h-column-container d-flex h-col-lg-auto h-col-md-auto h-col-auto style-642-outer style-local-1222-c19-outer\">\n            <div data-colibri-id=\"1222-c19\" class=\"d-flex h-flex-basis h-column__inner h-px-lg-2 h-px-md-2 h-px-2 v-inner-lg-2 v-inner-md-2 v-inner-2 style-642 style-local-1222-c19 position-relative\">\n              <!---->\n              <!---->\n              <div class=\"w-100 h-y-container h-column__content h-column__v-align flex-basis-100 align-self-lg-start align-self-md-start align-self-start\">\n                <!---->\n                <div data-colibri-id=\"1222-c20\" class=\"h-global-transition-all h-heading style-681 style-local-1222-c20 position-relative h-element\">\n                  <!---->\n                  <div class=\"h-heading__outer style-681 style-local-1222-c20\">\n                    <!---->\n                    <!---->\n                    <h2 class=\"\">Du planst ein Event oder eine Team-Building Ma\u00dfnahme und ZUMBA soll Euch das Event versch\u00f6nern? Schreib mich an &#8211; Denn gemeinsam ist ALLES m\u00f6glich.<\/h2>\n                  <\/div>\n                <\/div>\n                <div data-colibri-id=\"1222-c21\" class=\"h-text h-text-component style-643 style-local-1222-c21 position-relative h-element\">\n                  <!---->\n                  <!---->\n                  <div class=\"\">\n                    <p>\n                      <br>\n                    <\/p>\n                    <p>Die Preisgestaltung von Pr\u00e4senz-Kursen oder Events Live in einem Raum und Outdoor wird individuell im Rahmen der Kurs\/Event-Organisation abgesprochen und ohne versteckte Kosten kommuniziert.&nbsp;Hintergrund ist die Abh\u00e4ngigkeit von\n                      Raummiete, Strom- und Heizkosten, GEMA, Teilnehmerzahl und vielen mehr.&nbsp;<\/p>\n                    <p>\n                      <br>\n                    <\/p>\n                  <\/div>\n                <\/div>\n                <div data-colibri-id=\"1222-c22\" class=\"h-text h-text-component style-666 style-local-1222-c22 position-relative h-element\">\n                  <!---->\n                  <!---->\n                  <div class=\"\">\n                    <p>Akzeptierte Zahlungsm\u00f6glichkeiten f\u00fcr alle o.g. Kursbuchungen und Karten:<\/p>\n                    <p>* Bar<\/p>\n                    <p>* Paypal&nbsp;<\/p>\n                    <p>* \u00dcberweisung&nbsp;<\/p>\n                    <p>Eine Rechnungsstellung erfolgt unmittelbar nach Beauftragung.<\/p>\n                    <p>\n                      <br>\n                    <\/p>\n                  <\/div>\n                <\/div>\n              <\/div>\n            <\/div>\n          <\/div>\n        <\/div>\n      <\/div>\n    <\/div>\n  <\/div>\n<\/div>","protected":false},"excerpt":{"rendered":"<p>Live Kurse im B\u00fcrgerhaus Waldau Online Kurse Live \u00fcber Zoom und\/oder OnDemand TASTY-Special! &nbsp;Sei dabei und lass dich mitrei\u00dfen! &nbsp; Gerne berate ich dich und helfe dir dabei den f\u00fcr dich und deine Ziele passenden Kurs\/passende Kurse zu finden. In diesen darfst du selbstverst\u00e4ndlich rein schnuppern. &nbsp; Dein erster Schnupperkurs ist nat\u00fcrlich f\u00fcr dich kostenlos! [&hellip;]<\/p>\n","protected":false},"author":1,"featured_media":0,"parent":0,"menu_order":0,"comment_status":"closed","ping_status":"closed","template":"page-templates\/full-width-page.php","meta":[],"_links":{"self":[{"href":"https:\/\/zumba.drax-online.de\/index.php?rest_route=\/wp\/v2\/pages\/1222"}],"collection":[{"href":"https:\/\/zumba.drax-online.de\/index.php?rest_route=\/wp\/v2\/pages"}],"about":[{"href":"https:\/\/zumba.drax-online.de\/index.php?rest_route=\/wp\/v2\/types\/page"}],"author":[{"embeddable":true,"href":"https:\/\/zumba.drax-online.de\/index.php?rest_route=\/wp\/v2\/users\/1"}],"replies":[{"embeddable":true,"href":"https:\/\/zumba.drax-online.de\/index.php?rest_route=%2Fwp%2Fv2%2Fcomments&post=1222"}],"version-history":[{"count":15,"href":"https:\/\/zumba.drax-online.de\/index.php?rest_route=\/wp\/v2\/pages\/1222\/revisions"}],"predecessor-version":[{"id":2543,"href":"https:\/\/zumba.drax-online.de\/index.php?rest_route=\/wp\/v2\/pages\/1222\/revisions\/2543"}],"wp:attachment":[{"href":"https:\/\/zumba.drax-online.de\/index.php?rest_route=%2Fwp%2Fv2%2Fmedia&parent=1222"}],"curies":[{"name":"wp","href":"https:\/\/api.w.org\/{rel}","templated":true}]}}